{"id":315,"date":"2026-02-09T21:10:06","date_gmt":"2026-02-09T21:10:06","guid":{"rendered":"https:\/\/szk.kpstudio.hu\/?page_id=315"},"modified":"2026-02-09T21:31:08","modified_gmt":"2026-02-09T21:31:08","slug":"a-szabadkomuvessegrol","status":"publish","type":"page","link":"https:\/\/szk.kpstudio.hu\/index.php\/a-szabadkomuvessegrol\/","title":{"rendered":"A szabadk\u0151m\u0171vess\u00e9gr\u0151l"},"content":{"rendered":"<p>[et_pb_section fb_built=&#8221;1&#8243; _builder_version=&#8221;4.21.0&#8243; _module_preset=&#8221;default&#8221; background_color=&#8221;rgba(255,255,255,0.3)&#8221; custom_margin=&#8221;0px||0px||true|false&#8221; custom_padding=&#8221;0px||0px||true|false&#8221; sticky_position=&#8221;top&#8221; custom_css_main_element=&#8221;backdrop-filter: blur(40px);&#8221; border_color_bottom=&#8221;#000000&#8243; global_colors_info=&#8221;{}&#8221; border_width_bottom__sticky_enabled=&#8221;on|sticky&#8221; border_width_bottom__sticky=&#8221;0px&#8221; locked=&#8221;off&#8221;][et_pb_row _builder_version=&#8221;4.21.0&#8243; _module_preset=&#8221;default&#8221; global_colors_info=&#8221;{}&#8221;][et_pb_column type=&#8221;4_4&#8243; _builder_version=&#8221;4.21.0&#8243; _module_preset=&#8221;default&#8221; global_colors_info=&#8221;{}&#8221;][et_pb_menu active_link_color=&#8221;#000000&#8243; logo_height=&#8221;100px&#8221; cart_icon_color=&#8221;#000000&#8243; search_icon_color=&#8221;#000000&#8243; menu_icon_color=&#8221;#000000&#8243; _builder_version=&#8221;4.21.0&#8243; _module_preset=&#8221;default&#8221; menu_font=&#8221;|600|||||||&#8221; menu_text_color=&#8221;#000000&#8243; background_enable_color=&#8221;off&#8221; global_colors_info=&#8221;{}&#8221;][\/et_pb_menu][\/et_pb_column][\/et_pb_row][\/et_pb_section][et_pb_section fb_built=&#8221;1&#8243; _builder_version=&#8221;4.21.0&#8243; _module_preset=&#8221;default&#8221; global_colors_info=&#8221;{}&#8221;][et_pb_row _builder_version=&#8221;4.21.0&#8243; _module_preset=&#8221;default&#8221; global_colors_info=&#8221;{}&#8221;][et_pb_column type=&#8221;4_4&#8243; _builder_version=&#8221;4.21.0&#8243; _module_preset=&#8221;default&#8221; global_colors_info=&#8221;{}&#8221;][et_pb_text _builder_version=&#8221;4.21.0&#8243; _module_preset=&#8221;default&#8221; header_text_align=&#8221;left&#8221; header_line_height=&#8221;1.2em&#8221; global_colors_info=&#8221;{}&#8221;]<\/p>\n<h1>A\u00a0Sk\u00f3t R\u00edtus\u00fa Magyarorsz\u00e1gi Nagyp\u00e1holy, mint t\u00f6rv\u00e9nyesen bejegyzett egyes\u00fclet, az al\u00e1bbi elveket vallja<\/h1>\n<p>[\/et_pb_text][et_pb_text _builder_version=&#8221;4.21.0&#8243; _module_preset=&#8221;default&#8221; global_colors_info=&#8221;{}&#8221;]<\/p>\n<p>A szabadk\u0151m\u0171vess\u00e9g b\u00f6lcseleti \u00e9s emberbar\u00e1ti sz\u00f6vetkez\u00e9s,\u00a0f\u00fcggetlen\u00fcl a faji, nemzeti, vall\u00e1si, oszt\u00e1ly- hovatartoz\u00e1st\u00f3l, az emberis\u00e9g jav\u00e1nak el\u0151mozd\u00edt\u00e1s\u00e1ra, kultur\u00e1lis, k\u00f6z\u00e9leti szellemi \u00e9s anyagi sz\u00ednvonal\u00e1nak emel\u00e9s\u00e9vel.<\/p>\n<p>A Szabadk\u0151m\u0171vess\u00e9g k\u00f6telezi tagjait a haza v\u00e9delm\u00e9re \u00e9s a sz\u00e1m\u00e1ra szabad tev\u00e9kenys\u00e9get biztos\u00edt\u00f3 \u00e1llamrend, Magyarorsz\u00e1g t\u00f6rv\u00e9nyeinek a betart\u00e1s\u00e1ra.<\/p>\n<p>Az egyes\u00fclet a lelkiismereti, a vall\u00e1si \u00e9s a szellemi\u00a0szabads\u00e1g erk\u00f6lcsi alapelveit fogadja el. Elutas\u00edt minden k\u00e9nyszert, amely ezt a szabads\u00e1got\u00a0vesz\u00e9lyezteti. Elveti b\u00e1rmely\u00a0hum\u00e1nus\u00a0meggy\u0151z\u0151d\u00e9s, hit vagy gondolkod\u00e1s \u00fcld\u00f6z\u00e9s\u00e9t \u00e9s hely\u00fckbe a meggy\u0151z\u00e9st helyezi.<\/p>\n<p>Az egyes\u00fclet tagjai erk\u00f6lcs\u00f6s \u00e9letvitel, \u00f6nfejleszt\u00e9s, hasznos k\u00f6z\u00f6ss\u00e9gi \u00e9let, pozit\u00edv\u00a0p\u00e9ldamutat\u00e1s \u00e1ltal fejtik ki jobb\u00edt\u00f3 hat\u00e1sukat a t\u00e1rsadalomra, \u00e9s tart\u00f3zkodnak minden direkt beavatkoz\u00e1st\u00f3l \u00e9s\u00a0\u00a0akt\u00edv politiz\u00e1l\u00e1st\u00f3l.<\/p>\n<p>Az egyes\u00fclet tiszteli tagjainak vall\u00e1si \u00e9s politikai meggy\u0151z\u0151d\u00e9s\u00e9t, hovatartoz\u00e1s\u00e1t \u00e9s kiz\u00e1r\u00a0gy\u0171l\u00e9seib\u0151l\u00a0minden vall\u00e1si \u00e9s politikai vitatkoz\u00e1st.<\/p>\n<p>A Sk\u00f3t R\u00edtus\u00fa Magyarorsz\u00e1gi\u00a0Nagyp\u00e1holy\u00a0\u0150rzi \u00e9s \u00e1polja az \u0150si \u00e9s Elfogadott Sk\u00f3t R\u00edtus\u00fa szabadk\u0151m\u0171vess\u00e9g hagyom\u00e1nyait.<\/p>\n<p>A Sk\u00f3t R\u00edtus\u00fa Magyarorsz\u00e1gi Nagyp\u00e1holy a jogok \u00e9s a k\u00f6zerk\u00f6lcs k\u00e9rd\u00e9sein t\u00fal tart\u00f3zkodik minden p\u00e1rtpolitikai jelleg\u0171 vit\u00e1t\u00f3l \u00e9s r\u00e9szv\u00e9telt\u0151l, az \u00e1llami szervek munk\u00e1j\u00e1ba avatkoz\u00e1st\u00f3l.<\/p>\n<p>Az Egyes\u00fclet k\u00f6zvetlen politikai tev\u00e9kenys\u00e9get\u00a0nem folytat, szervezete p\u00e1rtokt\u00f3l f\u00fcggetlen \u00e9s azoknak anyagi t\u00e1mogat\u00e1st nem ny\u00fajt.<\/p>\n<p>Az egyes\u00fclet\u00a0k\u00f6telezi tagjait, hogy engedelmeskedjenek a magyar alkotm\u00e1ny \u00e9s a hat\u00e1lyos magyar\u00a0jogszab\u00e1lyok rendelkez\u00e9seinek.<\/p>\n<p>Az egyes\u00fclet tagjait az emberszeretet gyakorl\u00e1s\u00e1ra serkenti \u00e9s megk\u00edv\u00e1nja\u00a0tagjait\u00f3l, hogy saj\u00e1temberi, szellemi \u00e9s kultur\u00e1lis fejl\u0151d\u00e9s\u00fck\u00f6n munk\u00e1lkodjanak, \u00e9s ebben egym\u00e1st t\u00e1mogass\u00e1k.<\/p>\n<p>[\/et_pb_text][et_pb_text _builder_version=&#8221;4.21.0&#8243; _module_preset=&#8221;default&#8221; global_colors_info=&#8221;{}&#8221;]<\/p>\n<h1><i>Jelszava: ,, Szabads\u00e1g &#8211; Egyenl\u0151s\u00e9g &#8211; Testv\u00e9ris\u00e9g&#8221;<\/i><b><i><\/i><\/b><\/h1>\n<p>[\/et_pb_text][\/et_pb_column][\/et_pb_row][\/et_pb_section]<\/p>\n","protected":false},"excerpt":{"rendered":"<p>A\u00a0Sk\u00f3t R\u00edtus\u00fa Magyarorsz\u00e1gi Nagyp\u00e1holy, mint t\u00f6rv\u00e9nyesen bejegyzett egyes\u00fclet, az al\u00e1bbi elveket valljaA szabadk\u0151m\u0171vess\u00e9g b\u00f6lcseleti \u00e9s emberbar\u00e1ti sz\u00f6vetkez\u00e9s,\u00a0f\u00fcggetlen\u00fcl a faji, nemzeti, vall\u00e1si, oszt\u00e1ly- hovatartoz\u00e1st\u00f3l, az emberis\u00e9g jav\u00e1nak el\u0151mozd\u00edt\u00e1s\u00e1ra, kultur\u00e1lis, k\u00f6z\u00e9leti szellemi \u00e9s anyagi sz\u00ednvonal\u00e1nak emel\u00e9s\u00e9vel. A Szabadk\u0151m\u0171vess\u00e9g k\u00f6telezi tagjait a haza v\u00e9delm\u00e9re \u00e9s a sz\u00e1m\u00e1ra szabad tev\u00e9kenys\u00e9get biztos\u00edt\u00f3 \u00e1llamrend, Magyarorsz\u00e1g t\u00f6rv\u00e9nyeinek a betart\u00e1s\u00e1ra. Az egyes\u00fclet a [&hellip;]<\/p>\n","protected":false},"author":1,"featured_media":0,"parent":0,"menu_order":0,"comment_status":"closed","ping_status":"closed","template":"","meta":{"_et_pb_use_builder":"on","_et_pb_old_content":"","_et_gb_content_width":"","footnotes":""},"class_list":["post-315","page","type-page","status-publish","hentry"],"_links":{"self":[{"href":"https:\/\/szk.kpstudio.hu\/index.php\/wp-json\/wp\/v2\/pages\/315","targetHints":{"allow":["GET"]}}],"collection":[{"href":"https:\/\/szk.kpstudio.hu\/index.php\/wp-json\/wp\/v2\/pages"}],"about":[{"href":"https:\/\/szk.kpstudio.hu\/index.php\/wp-json\/wp\/v2\/types\/page"}],"author":[{"embeddable":true,"href":"https:\/\/szk.kpstudio.hu\/index.php\/wp-json\/wp\/v2\/users\/1"}],"replies":[{"embeddable":true,"href":"https:\/\/szk.kpstudio.hu\/index.php\/wp-json\/wp\/v2\/comments?post=315"}],"version-history":[{"count":4,"href":"https:\/\/szk.kpstudio.hu\/index.php\/wp-json\/wp\/v2\/pages\/315\/revisions"}],"predecessor-version":[{"id":332,"href":"https:\/\/szk.kpstudio.hu\/index.php\/wp-json\/wp\/v2\/pages\/315\/revisions\/332"}],"wp:attachment":[{"href":"https:\/\/szk.kpstudio.hu\/index.php\/wp-json\/wp\/v2\/media?parent=315"}],"curies":[{"name":"wp","href":"https:\/\/api.w.org\/{rel}","templated":true}]}}